{"id":2463,"date":"2024-11-19T09:06:22","date_gmt":"2024-11-19T14:06:22","guid":{"rendered":"https:\/\/cyemedica.com\/web\/?page_id=2463"},"modified":"2025-01-28T08:52:00","modified_gmt":"2025-01-28T13:52:00","slug":"canal-etico","status":"publish","type":"page","link":"https:\/\/cyemedica.com\/web\/canal-etico\/","title":{"rendered":"Canal \u00c9tico"},"content":{"rendered":"\n<h2 class=\"wp-block-heading\"><strong>\u00bfQu\u00e9 es el Canal \u00c9tico?<\/strong><\/h2>\n\n\n\n<p>En C&amp;E contamos con un\u202fCanal \u00c9tico, que permite comunicar cualquier\u202fincidencia o irregularidad de potencial trascendencia\u202fque pudiera resultar contraria a lo establecido en\u202fnuestro \u202f<strong>C\u00f3digo de Buen Gobierno, \u00c9tica&nbsp;y de Conducta.<\/strong><\/p>\n\n\n\n<p>Gracias a esta plataforma, y con tu colaboraci\u00f3n responsable, podemos detectar si se est\u00e1n produciendo\u202fconductas que contravengan a nuestros principios.<\/p>\n\n\n\n<p>\u200bEl objetivo de este canal es detectar conductas contrarias a derecho, a los principios o a las reglas \u00e9ticas y de buen gobierno de la Compa\u00f1\u00eda, por lo que animamos a empleados, clientes, proveedores o cualquier persona que tenga contacto con nuestros servicios a comunicarnos dichas incidencias.<\/p>\n\n\n\n<div style=\"height:50px\" aria-hidden=\"true\" class=\"wp-block-spacer\"><\/div>\n\n\n\n<h2 class=\"wp-block-heading\"><strong>\u00bfC\u00f3mo enviar una comunicaci\u00f3n?<\/strong><\/h2>\n\n\n\n<p>A continuaci\u00f3n, podr\u00e1s acceder al formulario donde incluir todos los detalles sobre el asunto que te preocupa. Trata de ser tan espec\u00edfico como puedas en cuanto a los nombres o departamentos, personas, documentos, pol\u00edticas, lugares, fechas, horas, etc. Para el acceso, deber\u00e1s aceptar previamente la Pol\u00edtica de Privacidad.<\/p>\n\n\n\n<p>La herramienta garantiza en todo momento la\u202fconfidencialidad de las comunicaciones y el anonimato del informante. Adem\u00e1s, el proceso de investigaci\u00f3n es realizado de forma\u202fobjetiva, independiente\u202fy con la garant\u00eda de\u202fno adopci\u00f3n de represalias.<\/p>\n\n\n\n<div style=\"height:50px\" aria-hidden=\"true\" class=\"wp-block-spacer\"><\/div>\n\n\n\n<h2 class=\"wp-block-heading\"><strong>Buen uso del canal<\/strong><\/h2>\n\n\n\n<p>Es importante que recuerdes que el Canal \u00c9tico gestiona \u00fanicamente comunicaciones relacionadas con conductas que contravengan el C\u00f3digo de Buen Gobierto, \u00c9tica y de Conducta de C&amp;E. Para otras cuestiones o consultas, por favor dir\u00edgete a los canales habilitados de atenci\u00f3n al cliente o al empleado.<\/p>\n\n\n\n<p>\u200bPara evitar malas pr\u00e1cticas en el uso del canal, se aplicar\u00e1n criterios precisos para admitir las comunicaciones y con la exigencia de responsabilidad civil, penal y administrativa de las personas que comuniquen hechos con abuso de derecho o vulnerando el principio de buena fe.<\/p>\n\n\n\n<div style=\"height:8px\" aria-hidden=\"true\" class=\"wp-block-spacer\"><\/div>\n\n\n\n<figure class=\"wp-block-embed is-type-video is-provider-youtube wp-block-embed-youtube wp-embed-aspect-16-9 wp-has-aspect-ratio\"><div class=\"wp-block-embed__wrapper\">\n<iframe loading=\"lazy\" title=\"C\u00f3digo de \u00c9tica\" width=\"500\" height=\"281\" src=\"https:\/\/www.youtube.com\/embed\/THDJvKMDHSQ?feature=oembed\" frameborder=\"0\" allow=\"accelerometer; autoplay; clipboard-write; encrypted-media; gyroscope; picture-in-picture; web-share\" referrerpolicy=\"strict-origin-when-cross-origin\" allowfullscreen><\/iframe>\n<\/div><\/figure>\n\n\n\n<div class=\"wp-block-buttons is-layout-flex wp-block-buttons-is-layout-flex\">\n<div class=\"wp-block-button\"><a class=\"wp-block-button__link has-background wp-element-button\" href=\"https:\/\/cyemedica.com\/web\/registra-tu-denuncia\/\" style=\"background-color:#21294c\"><strong>Registra tu denuncia<\/strong><\/a><\/div>\n<\/div>\n\n\n\n<figure class=\"wp-block-video\"><\/figure>\n","protected":false},"excerpt":{"rendered":"<p>\u00bfQu\u00e9 es el Canal \u00c9tico? En C&amp;E contamos con un\u202fCanal \u00c9tico, que permite comunicar cualquier\u202fincidencia o irregularidad de potencial trascendencia\u202fque [&hellip;]<\/p>\n","protected":false},"author":11,"featured_media":0,"parent":0,"menu_order":0,"comment_status":"closed","ping_status":"closed","template":"","meta":{"_monsterinsights_skip_tracking":false,"_monsterinsights_sitenote_active":false,"_monsterinsights_sitenote_note":"","_monsterinsights_sitenote_category":0,"_uf_show_specific_survey":0,"_uf_disable_surveys":false,"footnotes":""},"class_list":["post-2463","page","type-page","status-publish","hentry"],"_links":{"self":[{"href":"https:\/\/cyemedica.com\/web\/wp-json\/wp\/v2\/pages\/2463","targetHints":{"allow":["GET"]}}],"collection":[{"href":"https:\/\/cyemedica.com\/web\/wp-json\/wp\/v2\/pages"}],"about":[{"href":"https:\/\/cyemedica.com\/web\/wp-json\/wp\/v2\/types\/page"}],"author":[{"embeddable":true,"href":"https:\/\/cyemedica.com\/web\/wp-json\/wp\/v2\/users\/11"}],"replies":[{"embeddable":true,"href":"https:\/\/cyemedica.com\/web\/wp-json\/wp\/v2\/comments?post=2463"}],"version-history":[{"count":8,"href":"https:\/\/cyemedica.com\/web\/wp-json\/wp\/v2\/pages\/2463\/revisions"}],"predecessor-version":[{"id":2603,"href":"https:\/\/cyemedica.com\/web\/wp-json\/wp\/v2\/pages\/2463\/revisions\/2603"}],"wp:attachment":[{"href":"https:\/\/cyemedica.com\/web\/wp-json\/wp\/v2\/media?parent=2463"}],"curies":[{"name":"wp","href":"https:\/\/api.w.org\/{rel}","templated":true}]}}